(6/(-198)). What is the highest common divisor of 550 and b?
22
Let o = 8 + 12. Suppose -4*l = 4*b - o, 5 = l + b - 4*b. Suppose 106 = 3*p - p - 2*d, l*p - 258 = -2*d. Calculate the highest common factor of 78 and p.
26
Let g(z) = -z**2 + 4*z + 5. Let y(q) = -3*q**2 + 11*q + 15. Let p(w) = -17*g(w) + 6*y(w). Let l be p(-3). Calculate the highest common factor of l and 18.
2
Suppose -551*o = -559*o + 2280. Calculate the highest common divisor of 15 and o.
15
Let a = -205 + 565. Suppose 5*c + 72 = i, -4*i = i + 4*c - a. What is the greatest common factor of 8 and i?
8
Let a be 2678/18 + 2/9. Let s = -63 + a. What is the highest common divisor of s and 43?
43
Let d(n) = -13*n - 33. Let m be d(-9). Let g be (-54)/7*m/(-18). Calculate the greatest common factor of g and 27.
9
Let f = 37 + -34. Suppose -2*g = 3*t + g - 42, -18 = -f*t + 3*g. Suppose 1 = w - 0. What is the highest common factor of w and t?
1
Let t = 13 - -27. Suppose -4*m - 122 = 5*l - 3*l, l + m + 56 = 0. Let z = 56 + l. What is the highest common factor of t and z?
5
Let f = -1118 - -1194. What is the highest common factor of 608 and f?
76
Suppose -2*g + 3*u + 113 = 0, 0 = -5*g - 4*u - 71 + 342. Calculate the greatest common factor of 22 and g.
11
Let w(m) = -1. Let l(y) = 51*y + 13. Let i(o) = -l(o) - 5*w(o). Let t be i(-4). Calculate the greatest common divisor of 28 and t.
28
Let u(i) = i**2 + 8*i - 6. Let o be u(-10). Suppose 2*v + o = 2*d + 42, 0 = 4*d. What is the highest common factor of 140 and v?
14
Suppose 81 = 8*y + 25. Calculate the greatest common factor of 14 and y.
7
Suppose 0 = 10*k - 2 - 48. Suppose 2*q + 3 = 3*q - k*b, -9 = -3*q - b. What is the highest common factor of 2 and q?
1
Suppose 4*c - p - 69 = 0, -2*c - 3*c + 93 = p. Calculate the highest common divisor of c and 12.
6
Let o = 542 - -85. What is the highest common divisor of 57 and o?
57
Suppose v = -4*c + 6, -11 = -0*v - 4*v - 3*c. Let m be (-30)/(-165) + 260/22. What is the greatest common divisor of m and v?
2
Let i be 2/6 + (4 - (-102)/18). Calculate the greatest common divisor of 14 and i.
2
Let c = -123 + 137. What is the highest common factor of 378 and c?
14
Let c(r) = -r**3 + 5*r**2 - 4*r - 10. Let g be c(5). Let a = 142 + g. Calculate the highest common factor of a and 14.
14
Let p(u) = -u**2 - 15*u + 121. Let f be p(-16). Calculate the greatest common divisor of f and 14.
7
Let c be (-1*(-32)/12)/(3/216). What is the greatest common divisor of c and 512?
64
Suppose 0 = -0*z + 3*z - 102. Let x(s) = -3*s + 4. Let u(c) = c + 1. Let v(m) = 2*u(m) + x(m). Let w be v(-11). What is the highest common factor of w and z?
17
Suppose 31*x = 30*x + 40. Suppose 4*f = -3*t + 1 + 27, -3*t + 2*f = -x. Calculate the greatest common factor of t and 24.
12
Let j be (-736)/(-14) - (-15)/35. Let d = j + -44. What is the greatest common divisor of 9 and d?
9
Let q(a) = -a - 9. Let h be q(-10). Suppose -15 = -o + h. Let f = -14 + o. What is the greatest common divisor of 16 and f?
2
Suppose l + 299 = 5*w, -1 + 5 = 4*l. Suppose -5*z - 190 = -5*r, -3*z + 186 = 5*r - 6*z. Let n = r + -24. Calculate the highest common factor of w and n.
12
Let t(b) = b**2 + 6*b + 4. Let z be t(-6). Let n = -321 + 327. What is the highest common divisor of z and n?
2
Let y = 533 + -423. What is the highest common factor of y and 10?
10
Let b(w) = -w**3 + 10*w**2 + 4*w - 12. Let f be b(10). Let t = 4 + f. What is the highest common factor of 96 and t?
32
Let s = -171 - -217. What is the highest common divisor of s and 1886?
46
Let a = 5 + 0. Let h(c) = a*c**2 + 13*c**2 - 5*c**2 + 0*c**2. Let i be h(-2). What is the highest common factor of 13 and i?
13
Let t(u) = 9*u**3 - u**2 - u - 1. Let r be t(-1). Suppose 3*k + 4 = -2. Let w be 1/(k/r) + -3. What is the greatest common divisor of w and 8?
2
Let h = -78 + 90. Let g be h - (-12)/(-4 + 0). Suppose -34 - 20 = -2*f. What is the greatest common divisor of g and f?
9
Let m = 2995 - 2211. What is the highest common divisor of 245 and m?
49
Let n(q) = -q**2 - 20*q - 16. Let d be n(-19). Suppose 2*o = -w + 58, -d*o + 28 = -2*o + w. What is the greatest common divisor of 10 and o?
10
Let q(j) = -j**3 - 6*j**2 - 6*j + 5. Let d be q(-5). Let u be (-25 - -60)/((-2)/8*-2). Calculate the highest common divisor of d and u.
10
Let l = -773 + 864. Calculate the greatest common factor of 2 and l.
1
Let d(t) = 6*t**2 - t. Let w be d(-1). Let v = w - -7. Calculate the greatest common factor of v and 70.
14
Let d = -23 + 25. Suppose -d*u = -c - 1, -c - 2*c - 5*u + 52 = 0. What is the greatest common factor of c and 6?
3
Let l = 25 + 17. Calculate the greatest common divisor of l and 210.
42
Let p be 1690/30 - (-2)/12*-8. What is the greatest common divisor of p and 935?
55
Let b = 30 - 25. Suppose 4*v = p + 63, 60 = -v + 6*v + b*p. What is the greatest common factor of 135 and v?
15
Suppose -5*w - 2*s = -48, 3*w - s = s + 16. Let d(u) = -3*u - u + 4*u**2 + 7 - 3*u. Let l be d(5). What is the greatest common factor of w and l?
8
Suppose 176 = -4*n + 5*x - 1174, 0 = -2*x + 4. Let q be (-27)/(-162) - n/6. What is the highest common factor of 84 and q?
28
Let q(z) = z**2 + 11*z + 14. Let a be q(-9). Let u(n) = 4*n**2 + 6*n - 4. Let g be u(a). Calculate the highest common divisor of 12 and g.
12
Let w(n) = -2*n**3 + 16*n**2 + 16*n + 22. Let a be w(9). Suppose -5 - 4 = -3*c. Let i be c/(45/(-132))*-5. Calculate the highest common divisor of a and i.
4
Suppose -7*h + 396 = -17*a + 12*a, -h = -4*a - 50. What is the greatest common divisor of h and 493?
29
Let v(c) = -c + 3. Let w be v(3). Suppose -3*g - 4*o + 132 = w, 52 = 5*g - 4*g + 4*o. What is the greatest common factor of 8 and g?
8
Suppose y + 286 = 12*y. Suppose 3*j = -0*r + 4*r - 171, -3*j - 15 = 0. Calculate the highest common divisor of r and y.
13
Suppose -8*u = -5915 + 1235. Calculate the highest common factor of u and 39.
39
Let u = 1 - 4. Let x(y) = -y**3 - 7*y**2 + 1. Let r be x(u). Let g = -20 - r. What is the highest common factor of g and 165?
15
Suppose -l - 13 = -4. Let c = -72 - -76. Let p = c - l. What is the highest common divisor of 26 and p?
13
Let r(w) = w**2 - 52. Let i be r(8). Suppose 90 - 282 = -i*m. What is the greatest common divisor of 104 and m?
8
Suppose -25 = 5*p, 0*v + p = v - 23. Let x(r) = -r**2 + 12*r + 81. Let c be x(15). What is the greatest common factor of v and c?
18
Let a(n) = -2*n**3 - 9*n**2 + 2*n + 4. Let x be a(-7). What is the highest common factor of 94 and x?
47
Let k be (200/(-12) + 1)*-9. Suppose -2*r + k = 3*t, 3*t - 333 = -5*r + 2*t. Suppose -2*h + 3*h - 6 = 0. What is the greatest common factor of h and r?
6
Suppose -132 = 13*c - 15*c. What is the greatest common divisor of c and 484?
22
Let y(v) = -5*v - 10. Let u be y(-16). Let x = u + -57. What is the highest common factor of x and 52?
13
Let n(j) = j**3 + 7*j**2 - 10*j + 11. Let v be n(-8). Let g be 6/(-2 + 60/v). Let r = 41 - g. Calculate the highest common divisor of r and 21.
7
Let q = -6 + 22. Let z be 1/(7/((-175)/(-30))) - (-91)/6. Calculate the greatest common divisor of q and z.
16
Suppose 4*x + 28 = -5*z + 110, -2*z + 34 = 2*x. Let y be 14/(-84) + 451/6. Let i be (-3 + 5)*(2 + y). Calculate the greatest common factor of z and i.
14
Let v be -1 + 5 + 51 + 7. What is the greatest common divisor of v and 155?
31
Let d(f) = f**3 - 12*f**2 - 12*f - 13. Let u be d(13). Suppose u*b + b = 32. Let n be 3/((-9)/12)*-12. What is the highest common divisor of b and n?
16
Let n(b) = b**2 - 21*b + 23. Let p = 24 + -3. Let t be n(p). Calculate the greatest common factor of 230 and t.
23
Let q be 2/5 - (-1032)/20. Let t be 5*(-1 - (-62)/10). Calculate the highest common factor of q and t.
26
Let u be (4*(-12)/(-8) - 3) + -1. Suppose a + 175 = u*v, -39 = -2*v - 4*a + 141. Calculate the highest common factor of 8 and v.
8
Let s = 5 - -4. Calculate the highest common divisor of 9 and s.
9
Let m = 1565 - 1325. What is the greatest common factor of 30 and m?
30
Let a(b) = b**3 - b**2 - 1. Let g(l) = 4*l**3 + 5*l**2 - 6*l + 9. Let c(q) = 3*a(q) + g(q). Let n be c(2). Calculate the highest common factor of n and 232.
58
Suppose 3*w - 2788 = -9*y + 5*y, 5*y = 5*w + 3485. What is the greatest common divisor of y and 17?
17
Let y = -2291 + 2973. What is the greatest c